Last updated on 2024-08-16 12:49:15 CEST.
Flavor | Version | Tinstall | Tcheck | Ttotal | Status | Flags |
---|---|---|---|---|---|---|
r-devel-linux-x86_64-debian-clang | 2.4-3 | 57.80 | 28.50 | 86.30 | OK | |
r-devel-linux-x86_64-debian-gcc | 2.4-3 | 43.49 | 21.78 | 65.27 | OK | |
r-devel-linux-x86_64-fedora-clang | 2.4-3 | 185.41 | OK | |||
r-devel-linux-x86_64-fedora-gcc | 2.4-3 | 176.09 | OK | |||
r-devel-windows-x86_64 | 2.4-3 | 71.00 | 69.00 | 140.00 | OK | |
r-patched-linux-x86_64 | 2.4-3 | 54.48 | 27.20 | 81.68 | OK | |
r-release-linux-x86_64 | 2.4-3 | 60.18 | 27.16 | 87.34 | OK | |
r-release-macos-arm64 | 2.4-3 | 45.00 | NOTE | |||
r-release-macos-x86_64 | 2.4-3 | 52.00 | NOTE | |||
r-release-windows-x86_64 | 2.4-3 | 70.00 | 68.00 | 138.00 | OK | |
r-oldrel-macos-arm64 | 2.4-3 | 50.00 | NOTE | |||
r-oldrel-macos-x86_64 | 2.4-3 | 84.00 | NOTE | |||
r-oldrel-windows-x86_64 | 2.4-3 | 80.00 | 76.00 | 156.00 | OK |
Version: 2.4-3
Check: installed package size
Result: NOTE
installed size is 5.7Mb
sub-directories of 1Mb or more:
libs 5.6Mb
Flavors: r-release-macos-arm64, r-release-macos-x86_64, r-oldrel-macos-arm64, r-oldrel-macos-x86_64