CRAN Package Check Results for Package openappr

Last updated on 2025-07-18 15:49:30 CEST.

Flavor Version Tinstall Tcheck Ttotal Status Flags
r-devel-linux-x86_64-debian-clang 0.2.0 1.79 28.28 30.07 OK
r-devel-linux-x86_64-debian-gcc 0.2.0 1.39 23.33 24.72 OK
r-devel-linux-x86_64-fedora-clang 0.2.0 44.91 NOTE
r-devel-linux-x86_64-fedora-gcc 0.2.0 56.37 NOTE
r-devel-windows-x86_64 0.2.0 4.00 51.00 55.00 OK
r-patched-linux-x86_64 0.2.0 1.97 25.70 27.67 OK
r-release-linux-x86_64 0.2.0 1.61 25.34 26.95 OK
r-release-macos-arm64 0.2.0 72.00 OK
r-release-macos-x86_64 0.2.0 90.00 OK
r-release-windows-x86_64 0.2.0 4.00 51.00 55.00 OK
r-oldrel-macos-arm64 0.2.0 61.00 OK
r-oldrel-macos-x86_64 0.2.0 86.00 OK
r-oldrel-windows-x86_64 0.2.0 4.00 56.00 60.00 OK

Check Details

Version: 0.2.0
Check: dependencies in R code
Result: NOTE Namespaces in Imports field not imported from: ‘RSQLite’ ‘rlang’ ‘tidyr’ All declared Imports should be used. Flavors: r-devel-linux-x86_64-fedora-clang, r-devel-linux-x86_64-fedora-gcc