CRAN Package Check Results for Package ontologics

Last updated on 2025-07-18 18:51:20 CEST.

Flavor Version Tinstall Tcheck Ttotal Status Flags
r-devel-linux-x86_64-debian-clang 0.7.4 10.76 70.34 81.10 NOTE
r-devel-linux-x86_64-debian-gcc 0.7.4 7.30 53.25 60.55 NOTE
r-devel-linux-x86_64-fedora-clang 0.7.4 126.89 NOTE
r-devel-linux-x86_64-fedora-gcc 0.7.4 143.06 NOTE
r-devel-windows-x86_64 0.7.4 11.00 83.00 94.00 NOTE
r-patched-linux-x86_64 0.7.4 9.65 64.78 74.43 NOTE
r-release-linux-x86_64 0.7.4 9.40 65.16 74.56 NOTE
r-release-macos-arm64 0.7.4 54.00 NOTE
r-release-macos-x86_64 0.7.4 82.00 NOTE
r-release-windows-x86_64 0.7.4 12.00 83.00 95.00 NOTE
r-oldrel-macos-arm64 0.7.4 55.00 OK
r-oldrel-macos-x86_64 0.7.4 115.00 OK
r-oldrel-windows-x86_64 0.7.4 15.00 100.00 115.00 OK

Check Details

Version: 0.7.4
Check: DESCRIPTION meta-information
Result: NOTE Missing dependency on R >= 4.1.0 because package code uses the pipe |> or function shorthand \(...) syntax added in R 4.1.0. File(s) using such syntax: ‘1onto.R’ ‘edit_matches.R’ Flavors: r-devel-linux-x86_64-debian-clang, r-devel-linux-x86_64-debian-gcc, r-devel-linux-x86_64-fedora-clang, r-devel-linux-x86_64-fedora-gcc, r-devel-windows-x86_64, r-patched-linux-x86_64, r-release-linux-x86_64, r-release-macos-arm64, r-release-macos-x86_64, r-release-windows-x86_64