Last updated on 2024-08-15 12:48:33 CEST.
Flavor | Version | Tinstall | Tcheck | Ttotal | Status | Flags |
---|---|---|---|---|---|---|
r-devel-linux-x86_64-debian-clang | 1.1.0 | 5.83 | 241.41 | 247.24 | OK | |
r-devel-linux-x86_64-debian-gcc | 1.1.0 | 4.50 | 160.14 | 164.64 | OK | |
r-devel-linux-x86_64-fedora-clang | 1.1.0 | 397.17 | OK | |||
r-devel-linux-x86_64-fedora-gcc | 1.1.0 | 387.63 | OK | |||
r-devel-windows-x86_64 | 1.1.0 | 8.00 | 221.00 | 229.00 | OK | |
r-patched-linux-x86_64 | 1.1.0 | 5.51 | 227.75 | 233.26 | OK | |
r-release-linux-x86_64 | 1.1.0 | 5.72 | 229.60 | 235.32 | OK | |
r-release-macos-arm64 | 1.1.0 | 106.00 | OK | |||
r-release-macos-x86_64 | 1.1.0 | 309.00 | OK | |||
r-release-windows-x86_64 | 1.1.0 | 9.00 | 216.00 | 225.00 | OK | |
r-oldrel-macos-arm64 | 1.1.0 | 114.00 | ERROR | |||
r-oldrel-macos-x86_64 | 1.1.0 | 267.00 | ERROR | |||
r-oldrel-windows-x86_64 | 1.1.0 | 12.00 | 285.00 | 297.00 | OK |
Version: 1.1.0
Check: running R code from vignettes
Result: ERROR
Errors in running code in vignettes:
when running code in ‘nuts.Rmd’
...
2 SI036 2021 Slovenia 0.331 97.9 NA
3 SI037 2021 Slovenia 4.02 0.802 4.02
> patents %>% filter(nchar(geo) %in% c(4, 5), grepl("^EL",
+ geo)) %>% distinct(geo, .keep_all = T) %>% nuts_classify(nuts_code = "geo",
+ d .... [TRUNCATED]
When sourcing ‘nuts.R’:
Error: Data contains NUTS codes from multiple levels (2 and 3).
Execution halted
‘nuts.Rmd’ using ‘UTF-8’... failed
Flavors: r-oldrel-macos-arm64, r-oldrel-macos-x86_64