Last updated on 2025-07-18 18:51:20 CEST.
Flavor | Version | Tinstall | Tcheck | Ttotal | Status | Flags |
---|---|---|---|---|---|---|
r-devel-linux-x86_64-debian-clang | 0.2.0 | 11.19 | 141.34 | 152.53 | WARN | |
r-devel-linux-x86_64-debian-gcc | 0.2.0 | 7.51 | 98.59 | 106.10 | WARN | |
r-devel-linux-x86_64-fedora-clang | 0.2.1 | 237.05 | OK | |||
r-devel-linux-x86_64-fedora-gcc | 0.2.1 | 242.78 | OK | |||
r-devel-windows-x86_64 | 0.2.0 | 14.00 | 161.00 | 175.00 | OK | |
r-patched-linux-x86_64 | 0.2.0 | 10.44 | 131.85 | 142.29 | OK | |
r-release-linux-x86_64 | 0.2.0 | 10.83 | 132.21 | 143.04 | OK | |
r-release-macos-arm64 | 0.2.1 | 51.00 | OK | |||
r-release-macos-x86_64 | 0.2.1 | 79.00 | OK | |||
r-release-windows-x86_64 | 0.2.1 | 9.00 | 132.00 | 141.00 | OK | |
r-oldrel-macos-arm64 | 0.2.1 | 62.00 | OK | |||
r-oldrel-macos-x86_64 | 0.2.1 | 99.00 | OK | |||
r-oldrel-windows-x86_64 | 0.2.1 | 11.00 | 184.00 | 195.00 | OK |
Version: 0.2.0
Check: dependencies in R code
Result: WARN
Missing or unexported object: ‘nlmixr2::model’
Flavors: r-devel-linux-x86_64-debian-clang, r-devel-linux-x86_64-debian-gcc