CRAN Package Check Results for Package mvbutils

Last updated on 2025-07-18 18:51:19 CEST.

Flavor Version Tinstall Tcheck Ttotal Status Flags
r-devel-linux-x86_64-debian-clang 2.8.232 3.84 91.08 94.92 NOTE
r-devel-linux-x86_64-debian-gcc 2.8.232 3.22 58.19 61.41 NOTE
r-devel-linux-x86_64-fedora-clang 2.8.232 154.42 OK
r-devel-linux-x86_64-fedora-gcc 2.8.232 151.74 OK
r-devel-windows-x86_64 2.8.232 7.00 109.00 116.00 OK
r-patched-linux-x86_64 2.8.232 5.73 83.24 88.97 OK
r-release-linux-x86_64 2.8.232 3.82 83.70 87.52 OK
r-release-macos-arm64 2.8.232 66.00 OK
r-release-macos-x86_64 2.8.232 157.00 OK
r-release-windows-x86_64 2.8.232 7.00 111.00 118.00 OK
r-oldrel-macos-arm64 2.8.232 55.00 OK
r-oldrel-macos-x86_64 2.8.232 115.00 OK
r-oldrel-windows-x86_64 2.8.232 5.00 101.00 106.00 OK

Check Details

Version: 2.8.232
Check: CRAN incoming feasibility
Result: NOTE Maintainer: ‘Mark V. Bravington <mark.bravington@csiro.au>’ No Authors@R field in DESCRIPTION. Please add one, modifying Authors@R: person(given = c("Mark", "V."), family = "Bravington", role = c("aut", "cre"), email = "mark.bravington@csiro.au") as necessary. Flavors: r-devel-linux-x86_64-debian-clang, r-devel-linux-x86_64-debian-gcc