CRAN Package Check Results for Package msir

Last updated on 2025-07-18 18:51:19 CEST.

Flavor Version Tinstall Tcheck Ttotal Status Flags
r-devel-linux-x86_64-debian-clang 1.3.3 3.07 43.90 46.97 NOTE
r-devel-linux-x86_64-debian-gcc 1.3.3 1.99 33.80 35.79 NOTE
r-devel-linux-x86_64-fedora-clang 1.3.3 77.06 OK
r-devel-linux-x86_64-fedora-gcc 1.3.3 81.41 OK
r-devel-windows-x86_64 1.3.3 4.00 62.00 66.00 OK
r-patched-linux-x86_64 1.3.3 3.39 40.95 44.34 OK
r-release-linux-x86_64 1.3.3 2.66 40.59 43.25 OK
r-release-macos-arm64 1.3.3 37.00 OK
r-release-macos-x86_64 1.3.3 75.00 OK
r-release-windows-x86_64 1.3.3 4.00 62.00 66.00 OK
r-oldrel-macos-arm64 1.3.3 29.00 NOTE
r-oldrel-macos-x86_64 1.3.3 57.00 NOTE
r-oldrel-windows-x86_64 1.3.3 4.00 73.00 77.00 NOTE

Check Details

Version: 1.3.3
Check: CRAN incoming feasibility
Result: NOTE Maintainer: ‘Luca Scrucca <luca.scrucca@unipg.it>’ Package CITATION file contains call(s) to old-style personList() or as.personList(). Please use c() on person objects instead. Package CITATION file contains call(s) to old-style citEntry(). Please use bibentry() instead. Flavors: r-devel-linux-x86_64-debian-clang, r-devel-linux-x86_64-debian-gcc

Version: 1.3.3
Check: LazyData
Result: NOTE 'LazyData' is specified without a 'data' directory Flavors: r-oldrel-macos-arm64, r-oldrel-macos-x86_64, r-oldrel-windows-x86_64