Last updated on 2025-07-18 18:51:19 CEST.
Flavor | Version | Tinstall | Tcheck | Ttotal | Status | Flags |
---|---|---|---|---|---|---|
r-devel-linux-x86_64-debian-clang | 0.2.1 | 20.62 | 305.94 | 326.56 | OK | |
r-devel-linux-x86_64-debian-gcc | 0.2.1 | 14.73 | 260.59 | 275.32 | OK | |
r-devel-linux-x86_64-fedora-clang | 0.2.1 | 373.67 | OK | |||
r-devel-linux-x86_64-fedora-gcc | 0.2.1 | 371.99 | OK | |||
r-devel-windows-x86_64 | 0.2.1 | 27.00 | 205.00 | 232.00 | OK | |
r-patched-linux-x86_64 | 0.2.1 | 21.39 | 233.82 | 255.21 | OK | |
r-release-linux-x86_64 | 0.2.1 | 20.42 | 233.19 | 253.61 | OK | |
r-release-macos-arm64 | 0.2.1 | 106.00 | OK | |||
r-release-macos-x86_64 | 0.2.1 | 149.00 | OK | |||
r-release-windows-x86_64 | 0.2.1 | 28.00 | 207.00 | 235.00 | OK | |
r-oldrel-macos-arm64 | 0.2.1 | 104.00 | NOTE | |||
r-oldrel-macos-x86_64 | 0.2.1 | 161.00 | NOTE | |||
r-oldrel-windows-x86_64 | 0.2.1 | 34.00 | 270.00 | 304.00 | NOTE |
Version: 0.2.1
Check: installed package size
Result: NOTE
installed size is 8.6Mb
sub-directories of 1Mb or more:
doc 4.8Mb
extdata 1.9Mb
libs 1.2Mb
Flavors: r-oldrel-macos-arm64, r-oldrel-macos-x86_64, r-oldrel-windows-x86_64