CRAN Package Check Results for Package modMax

Last updated on 2025-07-16 03:50:36 CEST.

Flavor Version Tinstall Tcheck Ttotal Status Flags
r-devel-linux-x86_64-debian-clang 1.1 6.98 54.67 61.65 NOTE
r-devel-linux-x86_64-debian-gcc 1.1 4.32 37.30 41.62 NOTE
r-devel-linux-x86_64-fedora-clang 1.1 92.74 OK
r-devel-linux-x86_64-fedora-gcc 1.1 86.84 OK
r-devel-windows-x86_64 1.1 7.00 70.00 77.00 OK
r-patched-linux-x86_64 1.1 6.85 51.09 57.94 OK
r-release-linux-x86_64 1.1 6.32 49.86 56.18 OK
r-release-macos-arm64 1.1 39.00 OK
r-release-macos-x86_64 1.1 56.00 OK
r-release-windows-x86_64 1.1 8.00 73.00 81.00 OK
r-oldrel-macos-arm64 1.1 31.00 OK
r-oldrel-macos-x86_64 1.1 41.00 OK
r-oldrel-windows-x86_64 1.1 10.00 85.00 95.00 OK

Check Details

Version: 1.1
Check: CRAN incoming feasibility
Result: NOTE Maintainer: ‘Maria Schelling <schelling.rmaintainer@vodafone.de>’ No Authors@R field in DESCRIPTION. Please add one, modifying Authors@R: c(person(given = "Maria", family = "Schelling", role = c("aut", "cre"), email = "schelling.rmaintainer@vodafone.de"), person(given = "Cang", family = "Hui", role = "aut")) as necessary. Flavors: r-devel-linux-x86_64-debian-clang, r-devel-linux-x86_64-debian-gcc