Last updated on 2025-07-18 18:51:19 CEST.
Flavor | Version | Tinstall | Tcheck | Ttotal | Status | Flags |
---|---|---|---|---|---|---|
r-devel-linux-x86_64-debian-clang | 1.1.1 | 3.23 | 679.53 | 682.76 | NOTE | |
r-devel-linux-x86_64-debian-gcc | 1.1.1 | 2.76 | 370.46 | 373.22 | NOTE | |
r-devel-linux-x86_64-fedora-clang | 1.1.1 | 1089.58 | NOTE | |||
r-devel-linux-x86_64-fedora-gcc | 1.1.1 | 1136.73 | NOTE | |||
r-devel-windows-x86_64 | 1.1.1 | 5.00 | 528.00 | 533.00 | NOTE | |
r-patched-linux-x86_64 | 1.1.1 | 3.65 | 647.78 | 651.43 | NOTE | |
r-release-linux-x86_64 | 1.1.1 | 3.22 | 641.42 | 644.64 | NOTE | |
r-release-macos-arm64 | 1.1.1 | 237.00 | NOTE | |||
r-release-macos-x86_64 | 1.1.1 | 632.00 | NOTE | |||
r-release-windows-x86_64 | 1.1.1 | 6.00 | 527.00 | 533.00 | NOTE | |
r-oldrel-macos-arm64 | 1.1.1 | 218.00 | OK | |||
r-oldrel-macos-x86_64 | 1.1.1 | 418.00 | OK | |||
r-oldrel-windows-x86_64 | 1.1.1 | 8.00 | 828.00 | 836.00 | OK |
Version: 1.1.1
Check: DESCRIPTION meta-information
Result: NOTE
Missing dependency on R >= 4.1.0 because package code uses the pipe
|> or function shorthand \(...) syntax added in R 4.1.0.
File(s) using such syntax:
‘example.simfun.R’ ‘fit.surrogate.R’
Flavors: r-devel-linux-x86_64-debian-clang, r-devel-linux-x86_64-debian-gcc, r-devel-linux-x86_64-fedora-clang, r-devel-linux-x86_64-fedora-gcc, r-devel-windows-x86_64, r-patched-linux-x86_64, r-release-linux-x86_64, r-release-macos-arm64, r-release-macos-x86_64, r-release-windows-x86_64