Last updated on 2025-07-17 09:50:56 CEST.
Flavor | Version | Tinstall | Tcheck | Ttotal | Status | Flags |
---|---|---|---|---|---|---|
r-devel-linux-x86_64-debian-clang | 2.4 | 2.83 | 32.41 | 35.24 | NOTE | |
r-devel-linux-x86_64-debian-gcc | 2.4 | 2.11 | 26.03 | 28.14 | NOTE | |
r-devel-linux-x86_64-fedora-clang | 2.4 | 52.73 | NOTE | |||
r-devel-linux-x86_64-fedora-gcc | 2.4 | 63.69 | NOTE | |||
r-devel-windows-x86_64 | 2.4 | 4.00 | 60.00 | 64.00 | NOTE | |
r-patched-linux-x86_64 | 2.4 | 2.76 | 30.51 | 33.27 | NOTE | |
r-release-linux-x86_64 | 2.4 | 2.05 | 30.68 | 32.73 | NOTE | |
r-release-macos-arm64 | 2.4 | 27.00 | NOTE | |||
r-release-macos-x86_64 | 2.4 | 80.00 | NOTE | |||
r-release-windows-x86_64 | 2.4 | 6.00 | 64.00 | 70.00 | NOTE | |
r-oldrel-macos-arm64 | 2.4 | 30.00 | NOTE | |||
r-oldrel-macos-x86_64 | 2.4 | 40.00 | NOTE | |||
r-oldrel-windows-x86_64 | 2.4 | 7.00 | 65.00 | 72.00 | NOTE |
Version: 2.4
Check: CRAN incoming feasibility
Result: NOTE
Maintainer: ‘Thomas Lumley <t.lumley@auckland.ac.nz>’
No Authors@R field in DESCRIPTION.
Please add one, modifying
Authors@R: person(given = "Thomas",
family = "Lumley",
role = c("aut", "cre"),
email = "t.lumley@auckland.ac.nz")
as necessary.
Flavors: r-devel-linux-x86_64-debian-clang, r-devel-linux-x86_64-debian-gcc
Version: 2.4
Check: Rd files
Result: NOTE
checkRd: (-1) PV.Rd:14: Lost braces
14 | plausible value in turn; with code{rewrite=FALSE} a new data set is
| ^
Flavors: r-devel-linux-x86_64-debian-clang, r-devel-linux-x86_64-debian-gcc, r-devel-linux-x86_64-fedora-clang, r-devel-linux-x86_64-fedora-gcc, r-devel-windows-x86_64, r-patched-linux-x86_64, r-release-linux-x86_64, r-release-macos-arm64, r-release-macos-x86_64, r-release-windows-x86_64, r-oldrel-macos-arm64, r-oldrel-macos-x86_64, r-oldrel-windows-x86_64