Last updated on 2025-07-18 18:51:18 CEST.
Flavor | Version | Tinstall | Tcheck | Ttotal | Status | Flags |
---|---|---|---|---|---|---|
r-devel-linux-x86_64-debian-clang | 1.3.6 | 271.53 | 505.54 | 777.07 | OK | |
r-devel-linux-x86_64-debian-gcc | 1.3.6 | 196.52 | 375.47 | 571.99 | OK | |
r-devel-linux-x86_64-fedora-clang | 1.3.6 | 1284.35 | OK | |||
r-devel-linux-x86_64-fedora-gcc | 1.3.6 | 1300.50 | OK | |||
r-devel-windows-x86_64 | 1.3.6 | 297.00 | 511.00 | 808.00 | OK | |
r-patched-linux-x86_64 | 1.3.6 | 283.54 | 484.60 | 768.14 | OK | |
r-release-linux-x86_64 | 1.3.6 | 280.35 | 487.81 | 768.16 | OK | |
r-release-macos-arm64 | 1.3.6 | 281.00 | OK | |||
r-release-macos-x86_64 | 1.3.6 | 549.00 | OK | |||
r-release-windows-x86_64 | 1.3.6 | 302.00 | 501.00 | 803.00 | OK | |
r-oldrel-macos-arm64 | 1.3.6 | 320.00 | NOTE | |||
r-oldrel-macos-x86_64 | 1.3.6 | 591.00 | NOTE | |||
r-oldrel-windows-x86_64 | 1.3.6 | 355.00 | 665.00 | 1020.00 | NOTE |
Version: 1.3.6
Check: installed package size
Result: NOTE
installed size is 29.7Mb
sub-directories of 1Mb or more:
R 2.1Mb
doc 3.5Mb
libs 22.2Mb
Flavors: r-oldrel-macos-arm64, r-oldrel-macos-x86_64, r-oldrel-windows-x86_64