Last updated on 2024-08-15 12:48:31 CEST.
Flavor | Version | Tinstall | Tcheck | Ttotal | Status | Flags |
---|---|---|---|---|---|---|
r-devel-linux-x86_64-debian-clang | 0.8 | 31.33 | 102.06 | 133.39 | NOTE | |
r-devel-linux-x86_64-debian-gcc | 0.8 | 21.73 | 64.48 | 86.21 | NOTE | |
r-devel-linux-x86_64-fedora-clang | 0.8 | 230.40 | OK | |||
r-devel-linux-x86_64-fedora-gcc | 0.8 | 223.77 | OK | |||
r-devel-windows-x86_64 | 0.8 | 36.00 | 134.00 | 170.00 | NOTE | |
r-patched-linux-x86_64 | 0.8 | 32.16 | 84.61 | 116.77 | OK | |
r-release-linux-x86_64 | 0.8 | 31.18 | 85.76 | 116.94 | OK | |
r-release-macos-arm64 | 0.8 | 69.00 | OK | |||
r-release-macos-x86_64 | 0.8 | 88.00 | OK | |||
r-release-windows-x86_64 | 0.8 | 35.00 | 128.00 | 163.00 | OK | |
r-oldrel-macos-arm64 | 0.8 | 75.00 | OK | |||
r-oldrel-macos-x86_64 | 0.8 | 113.00 | OK | |||
r-oldrel-windows-x86_64 | 0.8 | 41.00 | 145.00 | 186.00 | OK |
Version: 0.8
Check: Rd cross-references
Result: NOTE
Found the following Rd file(s) with Rd \link{} targets missing package
anchors:
MclustMEM.Rd: Mclust, densityMclust
Please provide package anchors for all Rd \link{} targets not in the
package itself and the base packages.
Flavors: r-devel-linux-x86_64-debian-clang, r-devel-linux-x86_64-debian-gcc, r-devel-windows-x86_64