CRAN Package Check Results for Package ldbod

Last updated on 2025-07-18 18:51:17 CEST.

Flavor Version Tinstall Tcheck Ttotal Status Flags
r-devel-linux-x86_64-debian-clang 0.1.2 1.95 25.51 27.46 NOTE
r-devel-linux-x86_64-debian-gcc 0.1.2 1.83 19.64 21.47 NOTE
r-devel-linux-x86_64-fedora-clang 0.1.2 42.68 OK
r-devel-linux-x86_64-fedora-gcc 0.1.2 40.01 OK
r-devel-windows-x86_64 0.1.2 4.00 43.00 47.00 OK
r-patched-linux-x86_64 0.1.2 2.45 23.00 25.45 OK
r-release-linux-x86_64 0.1.2 2.03 23.26 25.29 OK
r-release-macos-arm64 0.1.2 17.00 OK
r-release-macos-x86_64 0.1.2 31.00 OK
r-release-windows-x86_64 0.1.2 4.00 44.00 48.00 OK
r-oldrel-macos-arm64 0.1.2 16.00 NOTE
r-oldrel-macos-x86_64 0.1.2 25.00 NOTE
r-oldrel-windows-x86_64 0.1.2 3.00 57.00 60.00 NOTE

Check Details

Version: 0.1.2
Check: CRAN incoming feasibility
Result: NOTE Maintainer: ‘Kristopher Williams <kristopher.williams83@gmail.com>’ No Authors@R field in DESCRIPTION. Please add one, modifying Authors@R: person(given = "Kristopher", family = "Williams", role = c("aut", "cre"), email = "kristopher.williams83@gmail.com") as necessary. Flavors: r-devel-linux-x86_64-debian-clang, r-devel-linux-x86_64-debian-gcc

Version: 0.1.2
Check: LazyData
Result: NOTE 'LazyData' is specified without a 'data' directory Flavors: r-oldrel-macos-arm64, r-oldrel-macos-x86_64, r-oldrel-windows-x86_64