Last updated on 2025-07-17 09:50:54 CEST.
Flavor | Version | Tinstall | Tcheck | Ttotal | Status | Flags |
---|---|---|---|---|---|---|
r-devel-linux-x86_64-debian-clang | 0.3.1 | 8.09 | 87.25 | 95.34 | NOTE | |
r-devel-linux-x86_64-debian-gcc | 0.3.1 | 5.59 | 60.95 | 66.54 | NOTE | |
r-devel-linux-x86_64-fedora-clang | 0.3.1 | 148.16 | OK | |||
r-devel-linux-x86_64-fedora-gcc | 0.3.1 | 144.40 | OK | |||
r-devel-windows-x86_64 | 0.3.1 | 12.00 | 124.00 | 136.00 | OK | |
r-patched-linux-x86_64 | 0.3.1 | 8.62 | 80.11 | 88.73 | OK | |
r-release-linux-x86_64 | 0.3.1 | 7.69 | 80.13 | 87.82 | OK | |
r-release-macos-arm64 | 0.3.1 | 67.00 | OK | |||
r-release-macos-x86_64 | 0.3.1 | 122.00 | OK | |||
r-release-windows-x86_64 | 0.3.1 | 10.00 | 124.00 | 134.00 | OK | |
r-oldrel-macos-arm64 | 0.3.1 | 71.00 | OK | |||
r-oldrel-macos-x86_64 | 0.3.1 | 94.00 | OK | |||
r-oldrel-windows-x86_64 | 0.3.1 | 13.00 | 151.00 | 164.00 | OK |
Version: 0.3.1
Check: CRAN incoming feasibility
Result: NOTE
Maintainer: ‘Jonas Rieger <jonas.rieger@tu-dortmund.de>’
Package CITATION file contains call(s) to old-style citEntry(). Please
use bibentry() instead.
Flavors: r-devel-linux-x86_64-debian-clang, r-devel-linux-x86_64-debian-gcc