CRAN Package Check Results for Package lchemix

Last updated on 2025-07-18 18:51:17 CEST.

Flavor Version Tinstall Tcheck Ttotal Status Flags
r-devel-linux-x86_64-debian-clang 0.1.0 10.15 76.40 86.55 NOTE
r-devel-linux-x86_64-debian-gcc 0.1.0 6.79 57.37 64.16 NOTE
r-devel-linux-x86_64-fedora-clang 0.1.0 135.39 OK
r-devel-linux-x86_64-fedora-gcc 0.1.0 141.26 OK
r-devel-windows-x86_64 0.1.0 10.00 85.00 95.00 OK
r-patched-linux-x86_64 0.1.0 9.62 72.77 82.39 OK
r-release-linux-x86_64 0.1.0 8.39 72.77 81.16 OK
r-release-macos-arm64 0.1.0 51.00 OK
r-release-macos-x86_64 0.1.0 107.00 OK
r-release-windows-x86_64 0.1.0 10.00 85.00 95.00 OK
r-oldrel-macos-arm64 0.1.0 45.00 OK
r-oldrel-macos-x86_64 0.1.0 81.00 OK
r-oldrel-windows-x86_64 0.1.0 13.00 108.00 121.00 OK

Check Details

Version: 0.1.0
Check: CRAN incoming feasibility
Result: NOTE Maintainer: ‘Weimin Zhang <zhangwm@hotmail.com>’ Found the following URLs which should use \doi (with the DOI name only): File ‘JLchemix.Rd’: https://doi.org/10.1111/biom.12972 File ‘sampledata.Rd’: https://doi.org/10.1111/biom.12972 Flavors: r-devel-linux-x86_64-debian-clang, r-devel-linux-x86_64-debian-gcc