Last updated on 2025-07-18 18:51:16 CEST.
Flavor | Version | Tinstall | Tcheck | Ttotal | Status | Flags |
---|---|---|---|---|---|---|
r-devel-linux-x86_64-debian-clang | 1.0.6 | 12.09 | 102.20 | 114.29 | NOTE | |
r-devel-linux-x86_64-debian-gcc | 1.0.6 | 7.89 | 71.55 | 79.44 | NOTE | |
r-devel-linux-x86_64-fedora-clang | 1.0.6 | 173.01 | OK | |||
r-devel-linux-x86_64-fedora-gcc | 1.0.6 | 159.20 | OK | |||
r-devel-windows-x86_64 | 1.0.6 | 13.00 | 103.00 | 116.00 | OK | |
r-patched-linux-x86_64 | 1.0.6 | 11.30 | 94.46 | 105.76 | OK | |
r-release-linux-x86_64 | 1.0.6 | 11.39 | 94.80 | 106.19 | OK | |
r-release-macos-arm64 | 1.0.6 | 47.00 | OK | |||
r-release-macos-x86_64 | 1.0.6 | 89.00 | OK | |||
r-release-windows-x86_64 | 1.0.6 | 13.00 | 102.00 | 115.00 | OK | |
r-oldrel-macos-arm64 | 1.0.6 | 46.00 | OK | |||
r-oldrel-macos-x86_64 | 1.0.6 | 70.00 | OK | |||
r-oldrel-windows-x86_64 | 1.0.6 | 17.00 | 131.00 | 148.00 | OK |
Version: 1.0.6
Check: CRAN incoming feasibility
Result: NOTE
Maintainer: ‘Yiqing Xu <yiqingxu@stanford.edu>’
The Description field contains
<arXiv:2303.11399>, including bootstrapped confidence intervals,
Please refer to arXiv e-prints via their arXiv DOI <doi:10.48550/arXiv.YYMM.NNNNN>.
Flavors: r-devel-linux-x86_64-debian-clang, r-devel-linux-x86_64-debian-gcc