CRAN Package Check Results for Package isopleuros

Last updated on 2025-07-18 18:51:16 CEST.

Flavor Version Tinstall Tcheck Ttotal Status Flags
r-devel-linux-x86_64-debian-clang 1.4.0 3.19 37.97 41.16 NOTE
r-devel-linux-x86_64-debian-gcc 1.4.0 2.70 29.37 32.07 NOTE
r-devel-linux-x86_64-fedora-clang 1.4.0 63.14 OK
r-devel-linux-x86_64-fedora-gcc 1.4.0 59.32 OK
r-devel-windows-x86_64 1.4.0 7.00 67.00 74.00 OK
r-patched-linux-x86_64 1.4.0 3.99 34.87 38.86 OK
r-release-linux-x86_64 1.4.0 3.08 34.52 37.60 OK
r-release-macos-arm64 1.4.0 23.00 OK
r-release-macos-x86_64 1.4.0 38.00 OK
r-release-windows-x86_64 1.4.0 6.00 67.00 73.00 OK
r-oldrel-macos-arm64 1.4.0 28.00 OK
r-oldrel-macos-x86_64 1.4.0 43.00 OK
r-oldrel-windows-x86_64 1.4.0 5.00 72.00 77.00 OK

Check Details

Version: 1.4.0
Check: DESCRIPTION meta-information
Result: NOTE Author field differs from that derived from Authors@R Author: ‘Nicolas Frerebeau [aut, cre] (<https://orcid.org/0000-0001-5759-4944>), Brice Lebrun [art] (<https://orcid.org/0000-0001-7503-8685>, Logo designer), Université Bordeaux Montaigne [fnd] (03pbgwk21), CNRS [fnd] (02feahw73)’ Authors@R: ‘Nicolas Frerebeau [aut, cre] (ORCID: <https://orcid.org/0000-0001-5759-4944>), Brice Lebrun [art] (ORCID: <https://orcid.org/0000-0001-7503-8685>, Logo designer), Université Bordeaux Montaigne [fnd] (ROR: <https://ror.org/03pbgwk21>), CNRS [fnd] (ROR: <https://ror.org/02feahw73>)’ Flavors: r-devel-linux-x86_64-debian-clang, r-devel-linux-x86_64-debian-gcc