Last updated on 2025-07-18 18:51:16 CEST.
Flavor | Version | Tinstall | Tcheck | Ttotal | Status | Flags |
---|---|---|---|---|---|---|
r-devel-linux-x86_64-debian-clang | 1.0.3 | 2.86 | 224.61 | 227.47 | NOTE | |
r-devel-linux-x86_64-debian-gcc | 1.0.3 | 2.40 | 150.20 | 152.60 | NOTE | |
r-devel-linux-x86_64-fedora-clang | 1.0.3 | 401.48 | NOTE | |||
r-devel-linux-x86_64-fedora-gcc | 1.0.3 | 413.67 | NOTE | |||
r-devel-windows-x86_64 | 1.0.3 | 5.00 | 276.00 | 281.00 | NOTE | |
r-patched-linux-x86_64 | 1.0.3 | 3.82 | 214.32 | 218.14 | NOTE | |
r-release-linux-x86_64 | 1.0.3 | 4.07 | 215.40 | 219.47 | NOTE | |
r-release-macos-arm64 | 1.0.3 | 108.00 | NOTE | |||
r-release-macos-x86_64 | 1.0.3 | 226.00 | NOTE | |||
r-release-windows-x86_64 | 1.0.3 | 6.00 | 275.00 | 281.00 | NOTE | |
r-oldrel-macos-arm64 | 1.0.3 | 106.00 | OK | |||
r-oldrel-macos-x86_64 | 1.0.3 | 177.00 | OK | |||
r-oldrel-windows-x86_64 | 1.0.3 | 6.00 | 339.00 | 345.00 | OK |
Version: 1.0.3
Check: DESCRIPTION meta-information
Result: NOTE
Missing dependency on R >= 4.1.0 because package code uses the pipe
|> or function shorthand \(...) syntax added in R 4.1.0.
File(s) using such syntax:
‘calc.pvalues.R’ ‘helper.R’ ‘hypothesis_templates.R’ ‘irtpwr.R’
‘mml.fit.R’ ‘setup.data.R’
Flavors: r-devel-linux-x86_64-debian-clang, r-devel-linux-x86_64-debian-gcc, r-devel-linux-x86_64-fedora-clang, r-devel-linux-x86_64-fedora-gcc, r-devel-windows-x86_64, r-patched-linux-x86_64, r-release-linux-x86_64, r-release-macos-arm64, r-release-macos-x86_64, r-release-windows-x86_64