Last updated on 2025-07-18 18:51:16 CEST.
Flavor | Version | Tinstall | Tcheck | Ttotal | Status | Flags |
---|---|---|---|---|---|---|
r-devel-linux-x86_64-debian-clang | 1.0.10 | 17.93 | 90.62 | 108.55 | NOTE | |
r-devel-linux-x86_64-debian-gcc | 1.0.10 | 13.37 | 62.34 | 75.71 | NOTE | |
r-devel-linux-x86_64-fedora-clang | 1.0.10 | 171.39 | OK | |||
r-devel-linux-x86_64-fedora-gcc | 1.0.10 | 160.76 | OK | |||
r-devel-windows-x86_64 | 1.0.10 | 23.00 | 110.00 | 133.00 | OK | |
r-patched-linux-x86_64 | 1.0.10 | 18.68 | 87.35 | 106.03 | OK | |
r-release-linux-x86_64 | 1.0.10 | 17.55 | 87.17 | 104.72 | OK | |
r-release-macos-arm64 | 1.0.10 | 47.00 | OK | |||
r-release-macos-x86_64 | 1.0.10 | 78.00 | OK | |||
r-release-windows-x86_64 | 1.0.10 | 23.00 | 114.00 | 137.00 | OK | |
r-oldrel-macos-arm64 | 1.0.10 | 43.00 | OK | |||
r-oldrel-macos-x86_64 | 1.0.10 | 67.00 | OK | |||
r-oldrel-windows-x86_64 | 1.0.10 | 28.00 | 145.00 | 173.00 | OK |
Version: 1.0.10
Check: CRAN incoming feasibility
Result: NOTE
Maintainer: ‘Utkarsh J. Dang <utkarshdang@cunet.carleton.ca>’
No Authors@R field in DESCRIPTION.
Please add one, modifying
Authors@R: c(person(given = c("Utkarsh", "J."),
family = "Dang",
role = c("aut", "cre"),
email = "utkarshdang@cunet.carleton.ca"),
person(given = c("G.", "Brian"),
family = "Golding",
role = "aut"))
as necessary.
Flavors: r-devel-linux-x86_64-debian-clang, r-devel-linux-x86_64-debian-gcc