Last updated on 2024-08-16 12:49:11 CEST.
Flavor | Version | Tinstall | Tcheck | Ttotal | Status | Flags |
---|---|---|---|---|---|---|
r-devel-linux-x86_64-debian-clang | 0.2.5 | 2.21 | 36.96 | 39.17 | OK | |
r-devel-linux-x86_64-debian-gcc | 0.2.5 | 1.78 | 28.16 | 29.94 | OK | |
r-devel-linux-x86_64-fedora-clang | 0.2.5 | 65.95 | NOTE | |||
r-devel-linux-x86_64-fedora-gcc | 0.2.5 | 74.25 | OK | |||
r-devel-windows-x86_64 | 0.2.5 | 4.00 | 217.00 | 221.00 | OK | |
r-patched-linux-x86_64 | 0.2.5 | 3.03 | 34.97 | 38.00 | OK | |
r-release-linux-x86_64 | 0.2.5 | 2.54 | 35.08 | 37.62 | OK | |
r-release-macos-arm64 | 0.2.5 | 30.00 | OK | |||
r-release-macos-x86_64 | 0.2.5 | 46.00 | OK | |||
r-release-windows-x86_64 | 0.2.5 | 5.00 | 696.00 | 701.00 | OK | |
r-oldrel-macos-arm64 | 0.2.5 | 34.00 | OK | |||
r-oldrel-macos-x86_64 | 0.2.5 | 69.00 | OK | |||
r-oldrel-windows-x86_64 | 0.2.5 | 6.00 | 265.00 | 271.00 | OK |
Version: 0.2.5
Check: Rd cross-references
Result: NOTE
Undeclared packages ‘bmp’, ‘jpeg’, ‘png’, ‘tiff’ in Rd xrefs
Flavor: r-devel-linux-x86_64-fedora-clang