CRAN Package Check Results for Package hues

Last updated on 2025-07-18 18:51:16 CEST.

Flavor Version Tinstall Tcheck Ttotal Status Flags
r-devel-linux-x86_64-debian-clang 0.2.0 1.81 25.92 27.73 OK
r-devel-linux-x86_64-debian-gcc 0.2.0 1.59 21.40 22.99 OK
r-devel-linux-x86_64-fedora-clang 0.2.0 40.70 OK
r-devel-linux-x86_64-fedora-gcc 0.2.0 39.64 OK
r-devel-windows-x86_64 0.2.0 4.00 46.00 50.00 OK
r-patched-linux-x86_64 0.2.0 1.57 24.42 25.99 OK
r-release-linux-x86_64 0.2.0 1.94 23.45 25.39 OK
r-release-macos-arm64 0.2.0 16.00 OK
r-release-macos-x86_64 0.2.0 28.00 OK
r-release-windows-x86_64 0.2.0 2.00 45.00 47.00 OK
r-oldrel-macos-arm64 0.2.0 16.00 NOTE
r-oldrel-macos-x86_64 0.2.0 30.00 NOTE
r-oldrel-windows-x86_64 0.2.0 4.00 52.00 56.00 NOTE

Check Details

Version: 0.2.0
Check: LazyData
Result: NOTE 'LazyData' is specified without a 'data' directory Flavors: r-oldrel-macos-arm64, r-oldrel-macos-x86_64, r-oldrel-windows-x86_64