CRAN Package Check Results for Package heckmanGE

Last updated on 2025-07-18 18:51:15 CEST.

Flavor Version Tinstall Tcheck Ttotal Status Flags
r-devel-linux-x86_64-debian-clang 1.0.0 6.59 42.98 49.57 NOTE
r-devel-linux-x86_64-debian-gcc 1.0.0 5.35 32.72 38.07 NOTE
r-devel-linux-x86_64-fedora-clang 1.0.0 71.12 NOTE
r-devel-linux-x86_64-fedora-gcc 1.0.0 66.93 NOTE
r-devel-windows-x86_64 1.0.0 9.00 62.00 71.00 NOTE
r-patched-linux-x86_64 1.0.0 7.18 39.45 46.63 NOTE
r-release-linux-x86_64 1.0.0 7.36 39.80 47.16 NOTE
r-release-macos-arm64 1.0.0 35.00 NOTE
r-release-macos-x86_64 1.0.0 47.00 NOTE
r-release-windows-x86_64 1.0.0 9.00 63.00 72.00 NOTE
r-oldrel-macos-arm64 1.0.0 28.00 OK
r-oldrel-macos-x86_64 1.0.0 53.00 OK
r-oldrel-windows-x86_64 1.0.0 12.00 70.00 82.00 OK

Check Details

Version: 1.0.0
Check: DESCRIPTION meta-information
Result: NOTE Missing dependency on R >= 4.1.0 because package code uses the pipe |> or function shorthand \(...) syntax added in R 4.1.0. File(s) using such syntax: ‘predict.heckmange.R’ Flavors: r-devel-linux-x86_64-debian-clang, r-devel-linux-x86_64-debian-gcc, r-devel-linux-x86_64-fedora-clang, r-devel-linux-x86_64-fedora-gcc, r-devel-windows-x86_64, r-patched-linux-x86_64, r-release-linux-x86_64, r-release-macos-arm64, r-release-macos-x86_64, r-release-windows-x86_64