CRAN Package Check Results for Package hctrial

Last updated on 2025-07-18 18:51:15 CEST.

Flavor Version Tinstall Tcheck Ttotal Status Flags
r-devel-linux-x86_64-debian-clang 0.1.0 1.97 25.26 27.23 OK
r-devel-linux-x86_64-debian-gcc 0.1.0 1.68 19.59 21.27 OK
r-devel-linux-x86_64-fedora-clang 0.1.0 41.15 OK
r-devel-linux-x86_64-fedora-gcc 0.1.0 39.55 OK
r-devel-windows-x86_64 0.1.0 4.00 44.00 48.00 OK
r-patched-linux-x86_64 0.1.0 2.19 23.91 26.10 OK
r-release-linux-x86_64 0.1.0 1.91 23.84 25.75 OK
r-release-macos-arm64 0.1.0 18.00 OK
r-release-macos-x86_64 0.1.0 28.00 OK
r-release-windows-x86_64 0.1.0 3.00 47.00 50.00 OK
r-oldrel-macos-arm64 0.1.0 16.00 NOTE
r-oldrel-macos-x86_64 0.1.0 28.00 NOTE
r-oldrel-windows-x86_64 0.1.0 3.00 48.00 51.00 NOTE

Check Details

Version: 0.1.0
Check: LazyData
Result: NOTE 'LazyData' is specified without a 'data' directory Flavors: r-oldrel-macos-arm64, r-oldrel-macos-x86_64, r-oldrel-windows-x86_64