CRAN Package Check Results for Package gmfd

Last updated on 2025-07-21 09:49:54 CEST.

Flavor Version Tinstall Tcheck Ttotal Status Flags
r-devel-linux-x86_64-debian-clang 1.0.1 2.03 40.27 42.30 NOTE
r-devel-linux-x86_64-debian-gcc 1.0.1 1.65 30.45 32.10 NOTE
r-devel-linux-x86_64-fedora-clang 1.0.1 68.65 OK
r-devel-linux-x86_64-fedora-gcc 1.0.1 79.47 OK
r-devel-windows-x86_64 1.0.1 4.00 65.00 69.00 OK
r-patched-linux-x86_64 1.0.1 2.35 38.18 40.53 OK
r-release-linux-x86_64 1.0.1 2.08 38.24 40.32 OK
r-release-macos-arm64 1.0.1 29.00 OK
r-release-macos-x86_64 1.0.1 53.00 OK
r-release-windows-x86_64 1.0.1 4.00 63.00 67.00 OK
r-oldrel-macos-arm64 1.0.1 28.00 NOTE
r-oldrel-macos-x86_64 1.0.1 54.00 NOTE
r-oldrel-windows-x86_64 1.0.1 4.00 81.00 85.00 NOTE

Check Details

Version: 1.0.1
Check: CRAN incoming feasibility
Result: NOTE Maintainer: ‘Andrea Martino <andrea.martino@polimi.it>’ The Description field contains Ieva, F. and Paganoni A. M. (2017) <arXiv:1708.00386>. Please refer to arXiv e-prints via their arXiv DOI <doi:10.48550/arXiv.YYMM.NNNNN>. Flavors: r-devel-linux-x86_64-debian-clang, r-devel-linux-x86_64-debian-gcc

Version: 1.0.1
Check: LazyData
Result: NOTE 'LazyData' is specified without a 'data' directory Flavors: r-oldrel-macos-arm64, r-oldrel-macos-x86_64, r-oldrel-windows-x86_64