Last updated on 2025-07-18 18:51:14 CEST.
Flavor | Version | Tinstall | Tcheck | Ttotal | Status | Flags |
---|---|---|---|---|---|---|
r-devel-linux-x86_64-debian-clang | 2.2 | 7.06 | 55.59 | 62.65 | NOTE | |
r-devel-linux-x86_64-debian-gcc | 2.2 | 5.09 | 39.55 | 44.64 | NOTE | |
r-devel-linux-x86_64-fedora-clang | 2.2 | 98.69 | OK | |||
r-devel-linux-x86_64-fedora-gcc | 2.2 | 96.77 | OK | |||
r-devel-windows-x86_64 | 2.2 | 9.00 | 67.00 | 76.00 | NOTE | |
r-patched-linux-x86_64 | 2.2 | 5.71 | 51.83 | 57.54 | NOTE | |
r-release-linux-x86_64 | 2.2 | 5.40 | 50.60 | 56.00 | NOTE | |
r-release-macos-arm64 | 2.2 | 29.00 | OK | |||
r-release-macos-x86_64 | 2.2 | 48.00 | OK | |||
r-release-windows-x86_64 | 2.2 | 9.00 | 65.00 | 74.00 | NOTE | |
r-oldrel-macos-arm64 | 2.2 | 28.00 | OK | |||
r-oldrel-macos-x86_64 | 2.2 | 39.00 | OK | |||
r-oldrel-windows-x86_64 | 2.2 | 11.00 | 82.00 | 93.00 | OK |
Version: 2.2
Check: Rd cross-references
Result: NOTE
Found the following Rd file(s) with Rd \link{} targets missing package
anchors:
ggheatmap_theme.Rd: theme
Please provide package anchors for all Rd \link{} targets not in the
package itself and the base packages.
Flavors: r-devel-linux-x86_64-debian-clang, r-devel-linux-x86_64-debian-gcc, r-devel-windows-x86_64, r-patched-linux-x86_64, r-release-linux-x86_64, r-release-windows-x86_64