CRAN Package Check Results for Package geometries

Last updated on 2025-07-20 00:48:27 CEST.

Flavor Version Tinstall Tcheck Ttotal Status Flags
r-devel-linux-x86_64-debian-clang 0.2.4 71.47 29.18 100.65 NOTE
r-devel-linux-x86_64-debian-gcc 0.2.4 57.47 24.69 82.16 NOTE
r-devel-linux-x86_64-fedora-clang 0.2.4 178.90 NOTE
r-devel-linux-x86_64-fedora-gcc 0.2.4 211.93 NOTE
r-devel-windows-x86_64 0.2.4 83.00 72.00 155.00 NOTE
r-patched-linux-x86_64 0.2.4 76.47 26.90 103.37 NOTE
r-release-linux-x86_64 0.2.4 76.15 26.65 102.80 NOTE
r-release-macos-arm64 0.2.4 51.00 NOTE
r-release-macos-x86_64 0.2.4 100.00 NOTE
r-release-windows-x86_64 0.2.4 88.00 72.00 160.00 NOTE
r-oldrel-macos-arm64 0.2.4 40.00 NOTE
r-oldrel-macos-x86_64 0.2.4 81.00 OK
r-oldrel-windows-x86_64 0.2.4 100.00 83.00 183.00 OK

Check Details

Version: 0.2.4
Check: compiled code
Result: NOTE File ‘geometries/libs/geometries.so’: Found non-API call to R: ‘STRING_PTR’ Compiled code should not call non-API entry points in R. See ‘Writing portable packages’ in the ‘Writing R Extensions’ manual, and section ‘Moving into C API compliance’ for issues with the use of non-API entry points. Flavors: r-devel-linux-x86_64-debian-clang, r-devel-linux-x86_64-debian-gcc, r-devel-linux-x86_64-fedora-clang, r-devel-linux-x86_64-fedora-gcc, r-patched-linux-x86_64, r-release-linux-x86_64, r-release-macos-arm64, r-release-macos-x86_64

Version: 0.2.4
Check: compiled code
Result: NOTE File 'geometries/libs/x64/geometries.dll': Found non-API call to R: 'STRING_PTR' Compiled code should not call non-API entry points in R. See 'Writing portable packages' in the 'Writing R Extensions' manual, and section 'Moving into C API compliance' for issues with the use of non-API entry points. Flavors: r-devel-windows-x86_64, r-release-windows-x86_64

Version: 0.2.4
Check: installed package size
Result: NOTE installed size is 5.7Mb sub-directories of 1Mb or more: libs 5.3Mb Flavor: r-oldrel-macos-arm64