Last updated on 2025-07-18 18:51:14 CEST.
Flavor | Version | Tinstall | Tcheck | Ttotal | Status | Flags |
---|---|---|---|---|---|---|
r-devel-linux-x86_64-debian-clang | 1.7 | 18.13 | 142.72 | 160.85 | OK | |
r-devel-linux-x86_64-debian-gcc | 1.7 | 13.82 | 111.31 | 125.13 | OK | |
r-devel-linux-x86_64-fedora-clang | 1.7 | 258.37 | OK | |||
r-devel-linux-x86_64-fedora-gcc | 1.7 | 267.50 | OK | |||
r-devel-windows-x86_64 | 1.7 | 18.00 | 145.00 | 163.00 | OK | |
r-patched-linux-x86_64 | 1.7 | 17.08 | 141.58 | 158.66 | OK | |
r-release-linux-x86_64 | 1.7 | 17.82 | 143.85 | 161.67 | OK | |
r-release-macos-arm64 | 1.7 | 22.00 | ERROR | |||
r-release-macos-x86_64 | 1.7 | 167.00 | OK | |||
r-release-windows-x86_64 | 1.7 | 17.00 | 146.00 | 163.00 | OK | |
r-oldrel-macos-arm64 | 1.7 | 21.00 | ERROR | |||
r-oldrel-macos-x86_64 | 1.7 | 136.00 | OK | |||
r-oldrel-windows-x86_64 | 1.7 | 20.00 | 187.00 | 207.00 | OK |
Version: 1.7
Check: package dependencies
Result: ERROR
Package required but not available: ‘reactome.db’
See section ‘The DESCRIPTION file’ in the ‘Writing R Extensions’
manual.
Flavors: r-release-macos-arm64, r-oldrel-macos-arm64