CRAN Package Check Results for Package freqpcr

Last updated on 2025-07-18 18:51:14 CEST.

Flavor Version Tinstall Tcheck Ttotal Status Flags
r-devel-linux-x86_64-debian-clang 0.4.0 3.32 44.50 47.82 NOTE
r-devel-linux-x86_64-debian-gcc 0.4.0 2.34 33.46 35.80 NOTE
r-devel-linux-x86_64-fedora-clang 0.4.0 74.94 OK
r-devel-linux-x86_64-fedora-gcc 0.4.0 87.24 OK
r-devel-windows-x86_64 0.4.0 5.00 67.00 72.00 OK
r-patched-linux-x86_64 0.4.0 3.95 41.10 45.05 OK
r-release-linux-x86_64 0.4.0 3.18 40.76 43.94 OK
r-release-macos-arm64 0.4.0 31.00 OK
r-release-macos-x86_64 0.4.0 61.00 OK
r-release-windows-x86_64 0.4.0 5.00 68.00 73.00 OK
r-oldrel-macos-arm64 0.4.0 30.00 OK
r-oldrel-macos-x86_64 0.4.0 44.00 OK
r-oldrel-windows-x86_64 0.4.0 4.00 76.00 80.00 OK

Check Details

Version: 0.4.0
Check: CRAN incoming feasibility
Result: NOTE Maintainer: ‘Masaaki Sudo <masaaki@sudori.info>’ Package CITATION file contains call(s) to old-style personList() or as.personList(). Please use c() on person objects instead. Package CITATION file contains call(s) to old-style citEntry(). Please use bibentry() instead. Flavors: r-devel-linux-x86_64-debian-clang, r-devel-linux-x86_64-debian-gcc