Last updated on 2024-08-15 12:48:27 CEST.
Flavor | Version | Tinstall | Tcheck | Ttotal | Status | Flags |
---|---|---|---|---|---|---|
r-devel-linux-x86_64-debian-clang | 2.2-12 | 15.20 | 124.87 | 140.07 | NOTE | |
r-devel-linux-x86_64-debian-gcc | 2.2-12 | 10.37 | 81.69 | 92.06 | NOTE | |
r-devel-linux-x86_64-fedora-clang | 2.2-12 | 222.74 | NOTE | |||
r-devel-linux-x86_64-fedora-gcc | 2.2-12 | 220.51 | NOTE | |||
r-devel-windows-x86_64 | 2.2-12 | 15.00 | 155.00 | 170.00 | NOTE | |
r-patched-linux-x86_64 | 2.2-12 | 17.51 | 114.59 | 132.10 | OK | |
r-release-linux-x86_64 | 2.2-12 | 12.85 | 116.53 | 129.38 | OK | |
r-release-macos-arm64 | 2.2-12 | 62.00 | OK | |||
r-release-macos-x86_64 | 2.2-12 | 92.00 | OK | |||
r-release-windows-x86_64 | 2.2-12 | 16.00 | 153.00 | 169.00 | OK | |
r-oldrel-macos-arm64 | 2.2-12 | 65.00 | OK | |||
r-oldrel-macos-x86_64 | 2.2-12 | 143.00 | OK | |||
r-oldrel-windows-x86_64 | 2.2-12 | 20.00 | 187.00 | 207.00 | OK |
Version: 2.2-12
Check: Rd cross-references
Result: NOTE
Found the following Rd file(s) with Rd \link{} targets missing package
anchors:
ancoord.Rd: cov.rob
awcoord.Rd: cov.rob
clustatsum.Rd: silhouette
cluster.stats.Rd: silhouette
cqcluster.stats.Rd: silhouette
fixmahal.Rd: cov.rob
kmeansCBI.Rd: isoMDS, sammon, pam
mahalanofix.Rd: cov.rob
mvdcoord.Rd: cov.rob
ncoord.Rd: cov.rob
valstat.object.Rd: silhouette
Please provide package anchors for all Rd \link{} targets not in the
package itself and the base packages.
Flavors: r-devel-linux-x86_64-debian-clang, r-devel-linux-x86_64-debian-gcc, r-devel-windows-x86_64
Version: 2.2-12
Check: differences from ‘fpc-Ex.Rout’ to ‘fpc-Ex.Rout.save’
Result: NOTE
2711,2714c2711,2714
< 1 3 0 0 2 0 0 0
< 2 10 9 8 0 5 0 0
< 3 0 0 0 0 0 0 1
< 4 1 0 0 4 0 3 4
---
> 1 4 0 0 0 1 0 0
> 2 10 9 8 5 0 0 0
> 3 0 0 1 0 0 0 0
> 4 0 0 0 0 4 3 5
Flavors: r-devel-linux-x86_64-debian-clang, r-devel-linux-x86_64-debian-gcc, r-devel-linux-x86_64-fedora-clang, r-devel-linux-x86_64-fedora-gcc, r-devel-windows-x86_64