Last updated on 2025-07-17 09:50:50 CEST.
Flavor | Version | Tinstall | Tcheck | Ttotal | Status | Flags |
---|---|---|---|---|---|---|
r-devel-linux-x86_64-debian-clang | 1.4 | 11.90 | 92.20 | 104.10 | NOTE | |
r-devel-linux-x86_64-debian-gcc | 1.4 | 7.58 | 64.53 | 72.11 | NOTE | |
r-devel-linux-x86_64-fedora-clang | 1.4 | 156.30 | OK | |||
r-devel-linux-x86_64-fedora-gcc | 1.4 | 152.65 | OK | |||
r-devel-windows-x86_64 | 1.4 | 7.00 | 5.00 | 12.00 | ERROR | |
r-patched-linux-x86_64 | 1.4 | 10.86 | 85.38 | 96.24 | OK | |
r-release-linux-x86_64 | 1.4 | 10.94 | 85.52 | 96.46 | OK | |
r-release-macos-arm64 | 1.4 | 41.00 | OK | |||
r-release-macos-x86_64 | 1.4 | 94.00 | OK | |||
r-release-windows-x86_64 | 1.4 | 8.00 | 5.00 | 13.00 | ERROR | |
r-oldrel-macos-arm64 | 1.4 | 38.00 | OK | |||
r-oldrel-macos-x86_64 | 1.4 | 67.00 | OK | |||
r-oldrel-windows-x86_64 | 1.4 | 12.00 | 9.00 | 21.00 | ERROR |
Version: 1.4
Check: CRAN incoming feasibility
Result: NOTE
Maintainer: ‘Xiongzhi Chen <xiongzhi.chen@wsu.edu>’
No Authors@R field in DESCRIPTION.
Please add one, modifying
Authors@R: c(person(given = "Xiongzhi",
family = "Chen",
role = c("aut", "cre"),
email = "xiongzhi.chen@wsu.edu"),
person(given = c("Rebecca", "W."),
family = "Doerge",
role = "aut",
email = "rwdoerge@andrew.cmu.edu"))
as necessary.
Flavors: r-devel-linux-x86_64-debian-clang, r-devel-linux-x86_64-debian-gcc
Version: 1.4
Check: whether package can be installed
Result: ERROR
Installation failed.
Flavors: r-devel-windows-x86_64, r-release-windows-x86_64, r-oldrel-windows-x86_64