Last updated on 2024-08-15 12:48:27 CEST.
Flavor | Version | Tinstall | Tcheck | Ttotal | Status | Flags |
---|---|---|---|---|---|---|
r-devel-linux-x86_64-debian-clang | 0.3.0 | 11.76 | 47.22 | 58.98 | OK | |
r-devel-linux-x86_64-debian-gcc | 0.3.0 | 8.71 | 34.65 | 43.36 | OK | |
r-devel-linux-x86_64-fedora-clang | 0.3.0 | 93.95 | NOTE | |||
r-devel-linux-x86_64-fedora-gcc | 0.3.0 | 89.03 | NOTE | |||
r-devel-windows-x86_64 | 0.3.0 | 14.00 | 73.00 | 87.00 | OK | |
r-patched-linux-x86_64 | 0.3.0 | 11.32 | 44.53 | 55.85 | OK | |
r-release-linux-x86_64 | 0.3.0 | 10.69 | 44.75 | 55.44 | OK | |
r-release-macos-arm64 | 0.3.0 | 35.00 | OK | |||
r-release-macos-x86_64 | 0.3.0 | 57.00 | OK | |||
r-release-windows-x86_64 | 0.3.0 | 13.00 | 71.00 | 84.00 | OK | |
r-oldrel-macos-arm64 | 0.3.0 | 42.00 | OK | |||
r-oldrel-macos-x86_64 | 0.3.0 | 78.00 | OK | |||
r-oldrel-windows-x86_64 | 0.3.0 | 16.00 | 80.00 | 96.00 | OK |
Version: 0.3.0
Check: data for non-ASCII characters
Result: NOTE
Note: found 1430 marked UTF-8 strings
Flavors: r-devel-linux-x86_64-fedora-clang, r-devel-linux-x86_64-fedora-gcc