CRAN Package Check Results for Package fansi

Last updated on 2025-07-18 18:51:13 CEST.

Flavor Version Tinstall Tcheck Ttotal Status Flags
r-devel-linux-x86_64-debian-clang 1.0.6 8.06 64.98 73.04 NOTE
r-devel-linux-x86_64-debian-gcc 1.0.6 7.11 49.69 56.80 NOTE
r-devel-linux-x86_64-fedora-clang 1.0.6 112.12 NOTE
r-devel-linux-x86_64-fedora-gcc 1.0.6 125.88 NOTE
r-devel-windows-x86_64 1.0.6 18.00 85.00 103.00 NOTE
r-patched-linux-x86_64 1.0.6 9.27 60.04 69.31 NOTE
r-release-linux-x86_64 1.0.6 8.12 60.22 68.34 NOTE
r-release-macos-arm64 1.0.6 43.00 NOTE
r-release-macos-x86_64 1.0.6 78.00 NOTE
r-release-windows-x86_64 1.0.6 17.00 85.00 102.00 NOTE
r-oldrel-macos-arm64 1.0.6 40.00 OK
r-oldrel-macos-x86_64 1.0.6 62.00 OK
r-oldrel-windows-x86_64 1.0.6 19.00 108.00 127.00 OK

Check Details

Version: 1.0.6
Check: compiled code
Result: NOTE File ‘fansi/libs/fansi.so’: Found non-API call to R: ‘R_nchar’ Compiled code should not call non-API entry points in R. See ‘Writing portable packages’ in the ‘Writing R Extensions’ manual, and section ‘Moving into C API compliance’ for issues with the use of non-API entry points. Flavors: r-devel-linux-x86_64-debian-clang, r-devel-linux-x86_64-debian-gcc, r-devel-linux-x86_64-fedora-clang, r-devel-linux-x86_64-fedora-gcc, r-patched-linux-x86_64, r-release-linux-x86_64, r-release-macos-arm64, r-release-macos-x86_64

Version: 1.0.6
Check: compiled code
Result: NOTE File 'fansi/libs/x64/fansi.dll': Found non-API call to R: 'R_nchar' Compiled code should not call non-API entry points in R. See 'Writing portable packages' in the 'Writing R Extensions' manual, and section 'Moving into C API compliance' for issues with the use of non-API entry points. Flavors: r-devel-windows-x86_64, r-release-windows-x86_64