Last updated on 2025-07-16 03:50:29 CEST.
Flavor | Version | Tinstall | Tcheck | Ttotal | Status | Flags |
---|---|---|---|---|---|---|
r-devel-linux-x86_64-debian-clang | 1.0.2 | 10.06 | 85.80 | 95.86 | OK | |
r-devel-linux-x86_64-debian-gcc | 1.0.2 | 5.97 | 59.41 | 65.38 | OK | |
r-devel-linux-x86_64-fedora-clang | 1.0.2 | 145.72 | NOTE | |||
r-devel-linux-x86_64-fedora-gcc | 1.0.2 | 159.36 | NOTE | |||
r-devel-windows-x86_64 | 1.0.2 | 11.00 | 98.00 | 109.00 | OK | |
r-patched-linux-x86_64 | 1.0.2 | 9.29 | 77.17 | 86.46 | OK | |
r-release-linux-x86_64 | 1.0.2 | 7.20 | 77.97 | 85.17 | OK | |
r-release-macos-arm64 | 1.0.2 | 49.00 | OK | |||
r-release-macos-x86_64 | 1.0.2 | 81.00 | OK | |||
r-release-windows-x86_64 | 1.0.2 | 11.00 | 99.00 | 110.00 | OK | |
r-oldrel-macos-arm64 | 1.0.2 | 41.00 | OK | |||
r-oldrel-macos-x86_64 | 1.0.2 | 62.00 | OK | |||
r-oldrel-windows-x86_64 | 1.0.2 | 14.00 | 122.00 | 136.00 | OK |
Version: 1.0.2
Check: dependencies in R code
Result: NOTE
Namespace in Imports field not imported from: ‘ggpmisc’
All declared Imports should be used.
Flavors: r-devel-linux-x86_64-fedora-clang, r-devel-linux-x86_64-fedora-gcc