CRAN Package Check Results for Package epiflows

Last updated on 2025-07-18 18:51:13 CEST.

Flavor Version Tinstall Tcheck Ttotal Status Flags
r-devel-linux-x86_64-debian-clang 0.2.1 3.71 78.99 82.70 NOTE
r-devel-linux-x86_64-debian-gcc 0.2.1 2.91 58.69 61.60 NOTE
r-devel-linux-x86_64-fedora-clang 0.2.1 127.78 OK
r-devel-linux-x86_64-fedora-gcc 0.2.1 141.99 OK
r-devel-windows-x86_64 0.2.1 6.00 100.00 106.00 NOTE
r-patched-linux-x86_64 0.2.1 4.25 75.45 79.70 NOTE
r-release-linux-x86_64 0.2.1 3.86 75.06 78.92 NOTE
r-release-macos-arm64 0.2.1 60.00 OK
r-release-macos-x86_64 0.2.1 91.00 OK
r-release-windows-x86_64 0.2.1 7.00 98.00 105.00 NOTE
r-oldrel-macos-arm64 0.2.1 48.00 OK
r-oldrel-macos-x86_64 0.2.1 76.00 OK
r-oldrel-windows-x86_64 0.2.1 7.00 123.00 130.00 OK

Check Details

Version: 0.2.1
Check: Rd cross-references
Result: NOTE Found the following Rd file(s) with Rd \link{} targets missing package anchors: sub-.epiflows.Rd: [.epicontacts Please provide package anchors for all Rd \link{} targets not in the package itself and the base packages. Flavors: r-devel-linux-x86_64-debian-clang, r-devel-linux-x86_64-debian-gcc, r-devel-windows-x86_64, r-patched-linux-x86_64, r-release-linux-x86_64, r-release-windows-x86_64