Last updated on 2025-07-18 18:51:12 CEST.
Flavor | Version | Tinstall | Tcheck | Ttotal | Status | Flags |
---|---|---|---|---|---|---|
r-devel-linux-x86_64-debian-clang | 1.0.1 | 8.76 | 75.18 | 83.94 | NOTE | |
r-devel-linux-x86_64-debian-gcc | 1.0.1 | 6.38 | 53.96 | 60.34 | NOTE | |
r-devel-linux-x86_64-fedora-clang | 1.0.1 | 128.40 | OK | |||
r-devel-linux-x86_64-fedora-gcc | 1.0.1 | 123.73 | OK | |||
r-devel-windows-x86_64 | 1.0.1 | 10.00 | 84.00 | 94.00 | OK | |
r-patched-linux-x86_64 | 1.0.1 | 8.52 | 70.76 | 79.28 | OK | |
r-release-linux-x86_64 | 1.0.1 | 8.60 | 71.41 | 80.01 | OK | |
r-release-macos-arm64 | 1.0.1 | 57.00 | OK | |||
r-release-macos-x86_64 | 1.0.1 | 84.00 | OK | |||
r-release-windows-x86_64 | 1.0.1 | 11.00 | 84.00 | 95.00 | OK | |
r-oldrel-macos-arm64 | 1.0.1 | 38.00 | OK | |||
r-oldrel-macos-x86_64 | 1.0.1 | 65.00 | OK | |||
r-oldrel-windows-x86_64 | 1.0.1 | 13.00 | 106.00 | 119.00 | OK |
Version: 1.0.1
Check: CRAN incoming feasibility
Result: NOTE
Maintainer: ‘"Hsiang Hao, Chen" <kbman1101@gmail.com>’
No Authors@R field in DESCRIPTION.
Please add one, modifying
Authors@R: c(person(given = "Hsiang",
family = "Hao",
role = "aut"),
person(family = "Chen",
role = "aut"),
person(given = "\"Hsiang",
family = "Hao",
role = "cre"),
person(family = "Chen\"",
role = "cre",
email = "kbman1101@gmail.com"))
as necessary.
Flavors: r-devel-linux-x86_64-debian-clang, r-devel-linux-x86_64-debian-gcc