Last updated on 2025-07-18 18:51:10 CEST.
Flavor | Version | Tinstall | Tcheck | Ttotal | Status | Flags |
---|---|---|---|---|---|---|
r-devel-linux-x86_64-debian-clang | 1.9.1 | 17.93 | 165.14 | 183.07 | NOTE | |
r-devel-linux-x86_64-debian-gcc | 1.9.1 | 11.43 | 117.09 | 128.52 | NOTE | |
r-devel-linux-x86_64-fedora-clang | 1.9.1 | 285.05 | OK | |||
r-devel-linux-x86_64-fedora-gcc | 1.9.1 | 284.63 | OK | |||
r-devel-windows-x86_64 | 1.9.1 | 16.00 | 179.00 | 195.00 | NOTE | |
r-patched-linux-x86_64 | 1.9.1 | 15.70 | 158.00 | 173.70 | NOTE | |
r-release-linux-x86_64 | 1.9.1 | 16.07 | 158.56 | 174.63 | NOTE | |
r-release-macos-arm64 | 1.9.1 | 87.00 | OK | |||
r-release-macos-x86_64 | 1.9.1 | 163.00 | OK | |||
r-release-windows-x86_64 | 1.9.1 | 17.00 | 178.00 | 195.00 | NOTE | |
r-oldrel-macos-arm64 | 1.9.1 | 92.00 | OK | |||
r-oldrel-macos-x86_64 | 1.9.1 | 129.00 | OK | |||
r-oldrel-windows-x86_64 | 1.9.1 | 23.00 | 219.00 | 242.00 | OK |
Version: 1.9.1
Check: Rd cross-references
Result: NOTE
Found the following Rd file(s) with Rd \link{} targets missing package
anchors:
km.outcomes.Rd: survfit
km.pmf.Rd: survfit
km.support.Rd: survfit
km.surv.Rd: survfit
Please provide package anchors for all Rd \link{} targets not in the
package itself and the base packages.
Flavors: r-devel-linux-x86_64-debian-clang, r-devel-linux-x86_64-debian-gcc, r-devel-windows-x86_64, r-patched-linux-x86_64, r-release-linux-x86_64, r-release-windows-x86_64