Last updated on 2024-08-15 12:48:24 CEST.
Flavor | Version | Tinstall | Tcheck | Ttotal | Status | Flags |
---|---|---|---|---|---|---|
r-devel-linux-x86_64-debian-clang | 0.1.9 | 5.72 | 64.11 | 69.83 | OK | |
r-devel-linux-x86_64-debian-gcc | 0.1.9 | 3.77 | 48.22 | 51.99 | OK | |
r-devel-linux-x86_64-fedora-clang | 0.1.9 | 113.54 | NOTE | |||
r-devel-linux-x86_64-fedora-gcc | 0.1.9 | 120.30 | OK | |||
r-devel-windows-x86_64 | 0.1.9 | 8.00 | 72.00 | 80.00 | NOTE | |
r-patched-linux-x86_64 | 0.1.9 | 5.32 | 61.08 | 66.40 | OK | |
r-release-linux-x86_64 | 0.1.9 | 4.61 | 61.32 | 65.93 | OK | |
r-release-macos-arm64 | 0.1.9 | 36.00 | NOTE | |||
r-release-macos-x86_64 | 0.1.9 | 53.00 | NOTE | |||
r-release-windows-x86_64 | 0.1.9 | 10.00 | 73.00 | 83.00 | NOTE | |
r-oldrel-macos-arm64 | 0.1.9 | 43.00 | NOTE | |||
r-oldrel-macos-x86_64 | 0.1.9 | 57.00 | NOTE | |||
r-oldrel-windows-x86_64 | 0.1.9 | 9.00 | 82.00 | 91.00 | NOTE |
Version: 0.1.9
Check: installed package size
Result: NOTE
installed size is 5.2Mb
sub-directories of 1Mb or more:
doc 4.9Mb
Flavors: r-devel-linux-x86_64-fedora-clang, r-devel-windows-x86_64, r-release-macos-arm64, r-release-macos-x86_64, r-release-windows-x86_64, r-oldrel-macos-arm64, r-oldrel-macos-x86_64, r-oldrel-windows-x86_64