Last updated on 2025-07-18 18:51:09 CEST.
Flavor | Version | Tinstall | Tcheck | Ttotal | Status | Flags |
---|---|---|---|---|---|---|
r-devel-linux-x86_64-debian-clang | 0.3.0 | 135.59 | 179.09 | 314.68 | NOTE | |
r-devel-linux-x86_64-debian-gcc | 0.3.0 | 121.21 | 135.67 | 256.88 | NOTE | |
r-devel-linux-x86_64-fedora-clang | 0.3.0 | 489.24 | OK | |||
r-devel-linux-x86_64-fedora-gcc | 0.3.0 | 559.10 | OK | |||
r-devel-windows-x86_64 | 0.3.0 | 145.00 | 216.00 | 361.00 | NOTE | |
r-patched-linux-x86_64 | 0.3.0 | 149.47 | 182.33 | 331.80 | NOTE | |
r-release-linux-x86_64 | 0.3.0 | 161.06 | 183.29 | 344.35 | NOTE | |
r-release-macos-arm64 | 0.3.0 | 125.00 | OK | |||
r-release-macos-x86_64 | 0.3.0 | 329.00 | OK | |||
r-release-windows-x86_64 | 0.3.0 | 149.00 | 218.00 | 367.00 | NOTE | |
r-oldrel-macos-arm64 | 0.3.0 | 72.00 | NOTE | |||
r-oldrel-macos-x86_64 | 0.3.0 | 138.00 | NOTE | |||
r-oldrel-windows-x86_64 | 0.3.0 | 165.00 | 280.00 | 445.00 | NOTE |
Version: 0.3.0
Check: Rd cross-references
Result: NOTE
Found the following Rd file(s) with Rd \link{} targets missing package
anchors:
generate_model_data.Rd: tibble
kit_summary_table.Rd: stanfit
plot_kit_use.Rd: stanfit, ggplot2
Please provide package anchors for all Rd \link{} targets not in the
package itself and the base packages.
Flavors: r-devel-linux-x86_64-debian-clang, r-devel-linux-x86_64-debian-gcc, r-devel-windows-x86_64, r-patched-linux-x86_64, r-release-linux-x86_64, r-release-windows-x86_64
Version: 0.3.0
Check: installed package size
Result: NOTE
installed size is 43.3Mb
sub-directories of 1Mb or more:
libs 42.7Mb
Flavors: r-oldrel-macos-arm64, r-oldrel-macos-x86_64
Version: 0.3.0
Check: for GNU extensions in Makefiles
Result: NOTE
GNU make is a SystemRequirements.
Flavors: r-oldrel-macos-arm64, r-oldrel-macos-x86_64, r-oldrel-windows-x86_64