Last updated on 2025-07-18 18:51:09 CEST.
Flavor | Version | Tinstall | Tcheck | Ttotal | Status | Flags |
---|---|---|---|---|---|---|
r-devel-linux-x86_64-debian-clang | 1.5.3 | 35.85 | 68.16 | 104.01 | NOTE | |
r-devel-linux-x86_64-debian-gcc | 1.5.3 | 22.22 | 48.55 | 70.77 | NOTE | |
r-devel-linux-x86_64-fedora-clang | 1.5.3 | 185.03 | OK | |||
r-devel-linux-x86_64-fedora-gcc | 1.5.3 | 176.46 | OK | |||
r-devel-windows-x86_64 | 1.5.3 | 43.00 | 92.00 | 135.00 | OK | |
r-patched-linux-x86_64 | 1.5.3 | 33.73 | 64.90 | 98.63 | OK | |
r-release-linux-x86_64 | 1.5.3 | 34.24 | 63.82 | 98.06 | OK | |
r-release-macos-arm64 | 1.5.3 | 61.00 | OK | |||
r-release-macos-x86_64 | 1.5.3 | 112.00 | OK | |||
r-release-windows-x86_64 | 1.5.3 | 44.00 | 93.00 | 137.00 | OK | |
r-oldrel-macos-arm64 | 1.5.3 | 51.00 | OK | |||
r-oldrel-macos-x86_64 | 1.5.3 | 119.00 | OK | |||
r-oldrel-windows-x86_64 | 1.5.3 | 50.00 | 119.00 | 169.00 | OK |
Version: 1.5.3
Check: CRAN incoming feasibility
Result: NOTE
Maintainer: ‘Jakub Nowosad <nowosad.jakub@gmail.com>’
Package CITATION file contains call(s) to old-style citEntry(). Please
use bibentry() instead.
Flavors: r-devel-linux-x86_64-debian-clang, r-devel-linux-x86_64-debian-gcc