CRAN Package Check Results for Package aliases2entrez

Last updated on 2025-07-18 18:51:08 CEST.

Flavor Version Tinstall Tcheck Ttotal Status Flags
r-devel-linux-x86_64-debian-clang 0.1.2 19.51 165.25 184.76 OK
r-devel-linux-x86_64-debian-gcc 0.1.2 14.53 115.81 130.34 OK
r-devel-linux-x86_64-fedora-clang 0.1.2 288.62 OK
r-devel-linux-x86_64-fedora-gcc 0.1.2 267.69 OK
r-devel-windows-x86_64 0.1.2 18.00 140.00 158.00 OK
r-patched-linux-x86_64 0.1.2 19.84 161.26 181.10 OK
r-release-linux-x86_64 0.1.2 18.80 158.26 177.06 OK
r-release-macos-arm64 0.1.2 5.00 ERROR
r-release-macos-x86_64 0.1.2 149.00 OK
r-release-windows-x86_64 0.1.2 19.00 142.00 161.00 OK
r-oldrel-macos-arm64 0.1.2 74.00 NOTE
r-oldrel-macos-x86_64 0.1.2 118.00 NOTE
r-oldrel-windows-x86_64 0.1.2 27.00 187.00 214.00 NOTE

Check Details

Version: 0.1.2
Check: package dependencies
Result: ERROR Package required but not available: ‘org.Hs.eg.db’ See section ‘The DESCRIPTION file’ in the ‘Writing R Extensions’ manual. Flavor: r-release-macos-arm64

Version: 0.1.2
Check: LazyData
Result: NOTE 'LazyData' is specified without a 'data' directory Flavors: r-oldrel-macos-arm64, r-oldrel-macos-x86_64, r-oldrel-windows-x86_64