CRAN Package Check Results for Package abcrlda

Last updated on 2025-07-18 18:51:07 CEST.

Flavor Version Tinstall Tcheck Ttotal Status Flags
r-devel-linux-x86_64-debian-clang 1.0.3 1.85 21.46 23.31 OK
r-devel-linux-x86_64-debian-gcc 1.0.3 1.48 16.86 18.34 OK
r-devel-linux-x86_64-fedora-clang 1.0.3 36.75 OK
r-devel-linux-x86_64-fedora-gcc 1.0.3 34.94 OK
r-devel-windows-x86_64 1.0.3 3.00 49.00 52.00 OK
r-patched-linux-x86_64 1.0.3 1.76 20.02 21.78 OK
r-release-linux-x86_64 1.0.3 1.61 19.97 21.58 OK
r-release-macos-arm64 1.0.3 19.00 OK
r-release-macos-x86_64 1.0.3 29.00 OK
r-release-windows-x86_64 1.0.3 3.00 45.00 48.00 OK
r-oldrel-macos-arm64 1.0.3 15.00 NOTE
r-oldrel-macos-x86_64 1.0.3 25.00 NOTE
r-oldrel-windows-x86_64 1.0.3 4.00 41.00 45.00 NOTE

Check Details

Version: 1.0.3
Check: LazyData
Result: NOTE 'LazyData' is specified without a 'data' directory Flavors: r-oldrel-macos-arm64, r-oldrel-macos-x86_64, r-oldrel-windows-x86_64