Last updated on 2025-07-21 09:50:10 CEST.
Flavor | Version | Tinstall | Tcheck | Ttotal | Status | Flags |
---|---|---|---|---|---|---|
r-devel-linux-x86_64-debian-clang | 6.0.4 | 18.77 | 38.38 | 57.15 | OK | |
r-devel-linux-x86_64-debian-gcc | 6.0.4 | 16.54 | 31.35 | 47.89 | OK | |
r-devel-linux-x86_64-fedora-clang | 6.0.4 | 130.40 | OK | |||
r-devel-linux-x86_64-fedora-gcc | 6.0.4 | 114.59 | OK | |||
r-devel-windows-x86_64 | 6.0.4 | 52.00 | 122.00 | 174.00 | OK | |
r-patched-linux-x86_64 | 6.0.4 | 20.04 | 36.85 | 56.89 | OK | |
r-release-linux-x86_64 | 6.0.4 | 18.72 | 36.32 | 55.04 | OK | |
r-release-macos-arm64 | 6.0.4 | 91.00 | OK | |||
r-release-macos-x86_64 | 6.0.4 | 112.00 | OK | |||
r-release-windows-x86_64 | 6.0.4 | 58.00 | 123.00 | 181.00 | OK | |
r-oldrel-macos-arm64 | 6.0.4 | 81.00 | NOTE | |||
r-oldrel-macos-x86_64 | 6.0.4 | 97.00 | NOTE | |||
r-oldrel-windows-x86_64 | 6.0.4 | 70.00 | 158.00 | 228.00 | NOTE |
Version: 6.0.4
Check: installed package size
Result: NOTE
installed size is 50.6Mb
sub-directories of 1Mb or more:
doc 1.8Mb
libs 48.7Mb
Flavors: r-oldrel-macos-arm64, r-oldrel-macos-x86_64, r-oldrel-windows-x86_64