Last updated on 2025-07-18 18:51:30 CEST.
Flavor | Version | Tinstall | Tcheck | Ttotal | Status | Flags |
---|---|---|---|---|---|---|
r-devel-linux-x86_64-debian-clang | 3.2.1 | 18.50 | 116.28 | 134.78 | OK | |
r-devel-linux-x86_64-debian-gcc | 3.2.1 | 12.71 | 90.48 | 103.19 | OK | |
r-devel-linux-x86_64-fedora-clang | 3.2.1 | 208.47 | OK | |||
r-devel-linux-x86_64-fedora-gcc | 3.2.1 | 195.45 | OK | |||
r-devel-windows-x86_64 | 3.2.1 | 15.00 | 105.00 | 120.00 | OK | |
r-patched-linux-x86_64 | 3.2.1 | 17.93 | 110.70 | 128.63 | OK | |
r-release-linux-x86_64 | 3.2.1 | 17.97 | 111.86 | 129.83 | OK | |
r-release-macos-arm64 | 3.2.1 | 94.00 | OK | |||
r-release-macos-x86_64 | 3.2.1 | 108.00 | OK | |||
r-release-windows-x86_64 | 3.2.1 | 15.00 | 105.00 | 120.00 | OK | |
r-oldrel-macos-arm64 | 3.2.1 | 84.00 | NOTE | |||
r-oldrel-macos-x86_64 | 3.2.1 | 95.00 | NOTE | |||
r-oldrel-windows-x86_64 | 3.2.1 | 19.00 | 129.00 | 148.00 | NOTE |
Version: 3.2.1
Check: LazyData
Result: NOTE
'LazyData' is specified without a 'data' directory
Flavors: r-oldrel-macos-arm64, r-oldrel-macos-x86_64, r-oldrel-windows-x86_64