Last updated on 2025-07-18 18:51:29 CEST.
Flavor | Version | Tinstall | Tcheck | Ttotal | Status | Flags |
---|---|---|---|---|---|---|
r-devel-linux-x86_64-debian-clang | 1.9.17 | 78.84 | 73.17 | 152.01 | OK | |
r-devel-linux-x86_64-debian-gcc | 1.9.17 | 64.77 | 55.19 | 119.96 | OK | |
r-devel-linux-x86_64-fedora-clang | 1.9.17 | 224.05 | OK | |||
r-devel-linux-x86_64-fedora-gcc | 1.9.17 | 276.33 | OK | |||
r-devel-windows-x86_64 | 1.9.17 | 108.00 | 106.00 | 214.00 | OK | |
r-patched-linux-x86_64 | 1.9.17 | 89.21 | 73.86 | 163.07 | OK | |
r-release-linux-x86_64 | 1.9.17 | 85.93 | 72.28 | 158.21 | OK | |
r-release-macos-arm64 | 1.9.17 | 73.00 | OK | |||
r-release-macos-x86_64 | 1.9.17 | 228.00 | OK | |||
r-release-windows-x86_64 | 1.9.17 | 107.00 | 98.00 | 205.00 | OK | |
r-oldrel-macos-arm64 | 1.9.17 | 62.00 | NOTE | |||
r-oldrel-macos-x86_64 | 1.9.17 | 146.00 | NOTE | |||
r-oldrel-windows-x86_64 | 1.9.17 | 118.00 | 117.00 | 235.00 | NOTE |
Version: 1.9.17
Check: installed package size
Result: NOTE
installed size is 16.6Mb
sub-directories of 1Mb or more:
examples 12.4Mb
include 3.6Mb
Flavors: r-oldrel-macos-arm64, r-oldrel-macos-x86_64, r-oldrel-windows-x86_64