Last updated on 2025-07-20 04:51:15 CEST.
Flavor | Version | Tinstall | Tcheck | Ttotal | Status | Flags |
---|---|---|---|---|---|---|
r-devel-linux-x86_64-debian-clang | 1.2.0 | 586.81 | 197.57 | 784.38 | OK | |
r-devel-linux-x86_64-debian-gcc | 1.2.0 | 511.27 | 180.32 | 691.59 | OK | |
r-devel-linux-x86_64-fedora-clang | 1.2.0 | 1189.25 | NOTE | |||
r-devel-linux-x86_64-fedora-gcc | 1.2.0 | 1583.34 | NOTE | |||
r-devel-windows-x86_64 | 1.2.0 | 629.00 | 313.00 | 942.00 | OK | |
r-patched-linux-x86_64 | 1.2.0 | 648.17 | 246.92 | 895.09 | OK | |
r-release-linux-x86_64 | 1.2.0 | 650.79 | 246.45 | 897.24 | OK | |
r-release-macos-arm64 | 1.2.0 | 309.00 | OK | |||
r-release-macos-x86_64 | 1.2.0 | 328.00 | OK | |||
r-release-windows-x86_64 | 1.2.0 | 609.00 | 251.00 | 860.00 | OK | |
r-oldrel-macos-arm64 | 1.2.0 | 171.00 | NOTE | |||
r-oldrel-macos-x86_64 | 1.2.0 | 169.00 | NOTE | |||
r-oldrel-windows-x86_64 | 1.2.0 | 699.00 | 393.00 | 1092.00 | NOTE |
Version: 1.2.0
Check: dependencies in R code
Result: NOTE
Namespaces in Imports field not imported from:
‘RcppParallel’ ‘httr’ ‘latex2exp’ ‘rstantools’ ‘tibble’ ‘tidyverse’
‘utils’
All declared Imports should be used.
Flavors: r-devel-linux-x86_64-fedora-clang, r-devel-linux-x86_64-fedora-gcc
Version: 1.2.0
Check: installed package size
Result: NOTE
installed size is 100.9Mb
sub-directories of 1Mb or more:
libs 100.1Mb
Flavors: r-oldrel-macos-arm64, r-oldrel-macos-x86_64, r-oldrel-windows-x86_64
Version: 1.2.0
Check: for GNU extensions in Makefiles
Result: NOTE
GNU make is a SystemRequirements.
Flavors: r-oldrel-macos-arm64, r-oldrel-macos-x86_64, r-oldrel-windows-x86_64