CRAN Package Check Results for Package SparseLPM

Last updated on 2025-07-17 09:51:05 CEST.

Flavor Version Tinstall Tcheck Ttotal Status Flags
r-devel-linux-x86_64-debian-clang 1.0 71.51 58.66 130.17 NOTE
r-devel-linux-x86_64-debian-gcc 1.0 45.90 44.02 89.92 NOTE
r-devel-linux-x86_64-fedora-clang 1.0 243.95 OK
r-devel-linux-x86_64-fedora-gcc 1.0 194.71 OK
r-devel-windows-x86_64 1.0 82.00 83.00 165.00 OK
r-patched-linux-x86_64 1.0 63.34 55.43 118.77 OK
r-release-linux-x86_64 1.0 63.49 55.25 118.74 OK
r-release-macos-arm64 1.0 55.00 OK
r-release-macos-x86_64 1.0 84.00 OK
r-release-windows-x86_64 1.0 80.00 91.00 171.00 OK
r-oldrel-macos-arm64 1.0 53.00 OK
r-oldrel-macos-x86_64 1.0 63.00 OK
r-oldrel-windows-x86_64 1.0 94.00 111.00 205.00 OK

Check Details

Version: 1.0
Check: CRAN incoming feasibility
Result: NOTE Maintainer: ‘Riccardo Rastelli <riccardoras@gmail.com>’ The Description field contains <arXiv:1808.09262>. Please refer to arXiv e-prints via their arXiv DOI <doi:10.48550/arXiv.YYMM.NNNNN>. Flavors: r-devel-linux-x86_64-debian-clang, r-devel-linux-x86_64-debian-gcc