CRAN Package Check Results for Package SequentialDesign

Last updated on 2025-07-12 18:49:53 CEST.

Flavor Version Tinstall Tcheck Ttotal Status Flags
r-devel-linux-x86_64-debian-clang 1.0 1.87 19.58 21.45 OK
r-devel-linux-x86_64-debian-gcc 1.0 1.70 16.32 18.02 OK
r-devel-linux-x86_64-fedora-clang 1.0 32.84 OK
r-devel-linux-x86_64-fedora-gcc 1.0 31.16 OK
r-devel-windows-x86_64 1.0 3.00 42.00 45.00 OK
r-patched-linux-x86_64 1.0 2.19 18.50 20.69 OK
r-release-linux-x86_64 1.0 1.31 18.35 19.66 OK
r-release-macos-arm64 1.0 19.00 OK
r-release-macos-x86_64 1.0 24.00 OK
r-release-windows-x86_64 1.0 3.00 42.00 45.00 OK
r-oldrel-macos-arm64 1.0 17.00 NOTE
r-oldrel-macos-x86_64 1.0 22.00 NOTE
r-oldrel-windows-x86_64 1.0 3.00 43.00 46.00 NOTE

Check Details

Version: 1.0
Check: LazyData
Result: NOTE 'LazyData' is specified without a 'data' directory Flavors: r-oldrel-macos-arm64, r-oldrel-macos-x86_64, r-oldrel-windows-x86_64