Last updated on 2025-07-18 15:49:37 CEST.
Flavor | Version | Tinstall | Tcheck | Ttotal | Status | Flags |
---|---|---|---|---|---|---|
r-devel-linux-x86_64-debian-clang | 1.7.2 | 31.64 | 168.03 | 199.67 | OK | |
r-devel-linux-x86_64-debian-gcc | 1.7.2 | 24.61 | 116.91 | 141.52 | OK | |
r-devel-linux-x86_64-fedora-clang | 1.7.2 | 307.08 | OK | |||
r-devel-linux-x86_64-fedora-gcc | 1.7.2 | 287.80 | OK | |||
r-devel-windows-x86_64 | 1.7.2 | 33.00 | 155.00 | 188.00 | OK | |
r-patched-linux-x86_64 | 1.7.2 | 31.47 | 158.50 | 189.97 | OK | |
r-release-linux-x86_64 | 1.7.2 | 29.23 | 159.62 | 188.85 | OK | |
r-release-macos-arm64 | 1.7.2 | 5.00 | ERROR | |||
r-release-macos-x86_64 | 1.7.2 | 6.00 | ERROR | |||
r-release-windows-x86_64 | 1.7.2 | 35.00 | 161.00 | 196.00 | OK | |
r-oldrel-macos-arm64 | 1.7.2 | 90.00 | OK | |||
r-oldrel-macos-x86_64 | 1.7.2 | 174.00 | OK | |||
r-oldrel-windows-x86_64 | 1.7.2 | 42.00 | 208.00 | 250.00 | OK |
Version: 1.7.2
Check: package dependencies
Result: ERROR
Package required but not available: ‘pathview’
See section ‘The DESCRIPTION file’ in the ‘Writing R Extensions’
manual.
Flavors: r-release-macos-arm64, r-release-macos-x86_64