CRAN Package Check Results for Package SITH

Last updated on 2025-07-18 18:51:27 CEST.

Flavor Version Tinstall Tcheck Ttotal Status Flags
r-devel-linux-x86_64-debian-clang 1.1.0 27.52 57.14 84.66 NOTE
r-devel-linux-x86_64-debian-gcc 1.1.0 19.51 44.10 63.61 NOTE
r-devel-linux-x86_64-fedora-clang 1.1.0 143.77 OK
r-devel-linux-x86_64-fedora-gcc 1.1.0 146.35 OK
r-devel-windows-x86_64 1.1.0 31.00 93.00 124.00 OK
r-patched-linux-x86_64 1.1.0 27.49 53.85 81.34 OK
r-release-linux-x86_64 1.1.0 26.98 53.25 80.23 OK
r-release-macos-arm64 1.1.0 62.00 OK
r-release-macos-x86_64 1.1.0 106.00 OK
r-release-windows-x86_64 1.1.0 30.00 90.00 120.00 OK
r-oldrel-macos-arm64 1.1.0 80.00 OK
r-oldrel-macos-x86_64 1.1.0 98.00 OK
r-oldrel-windows-x86_64 1.1.0 31.00 117.00 148.00 OK

Check Details

Version: 1.1.0
Check: CRAN incoming feasibility
Result: NOTE Maintainer: ‘Phillip B. Nicol <philnicol740@gmail.com>’ No Authors@R field in DESCRIPTION. Please add one, modifying Authors@R: person(given = c("Phillip", "B."), family = "Nicol", role = c("aut", "cre"), email = "philnicol740@gmail.com") as necessary. Flavors: r-devel-linux-x86_64-debian-clang, r-devel-linux-x86_64-debian-gcc